er when q is divided by b(2).
9
Suppose 0 = 4*h - 3*h + 3. Calculate the remainder when 38 is divided by 13 + (-6 - 0 - h).
8
Suppose 0 = -11*o + 5*o + 108. Calculate the remainder when 69 is divided by o.
15
Let u = -53 + 64. Calculate the remainder when u is divided by 7.
4
Let c = 15 - 21. Calculate the remainder when 114/4 - c/4 is divided by 11.
8
Let o = -7 - -117. Suppose -3*q + 5*q = o. Calculate the remainder when q is divided by 19.
17
Suppose -5*f + 2*s + 23 = -0*s, f = -3*s + 8. What is the remainder when 6 is divided by f?
1
Let r be (0 - -1) + 3/(-1). Let u(h) = -13*h - 5. Calculate the remainder when 40 is divided by u(r).
19
Suppose 0 = y + 3*y - 12. Suppose -4*b = 18 - 62. What is the remainder when b is divided by y?
2
Let y be 4 + -1 - (-1 + 10). Let a = y + 16. Suppose -3*j = 3*q - 7*j - 34, 3*q - 3*j = 39. Calculate the remainder when q is divided by a.
8
Let t(d) = d**2 - 2. Let r be t(2). Suppose -r*g + 4*g = 10. Suppose g = 4*q - 11. What is the remainder when 6 is divided by q?
2
What is the remainder when 25 is divided by ((-5)/2 - -2)*(-32 - -2)?
10
Suppose -8*l = -2*l - 24. What is the remainder when l is divided by 1?
0
Suppose -2*q = 2*f - 18, 16 = 2*f - 0*f + q. Let n = f - 5. Suppose n = 3*j - 31. What is the remainder when 32 is divided by j?
10
Suppose -2*y = -5*d + 273, 34 + 7 = d + 3*y. Let a = d - 34. What is the remainder when a is divided by 10?
9
Let j = -71 - -40. Let c = -16 - j. Calculate the remainder when 58 is divided by c.
13
Let i be 9/3 - 0 - -1. Suppose -w + 2*f = -28, -115 = -w - i*w + 5*f. Calculate the remainder when 466/14 - 4/14 is divided by w.
15
Let d(q) = 7*q**3 - q**2 - 3*q - 3. Let p(c) = c**3. Let g(b) = -d(b) + 6*p(b). Calculate the remainder when g(-2) is divided by 6.
3
What is the remainder when 320/6 + (-16)/48 is divided by 20 + 5/((-5)/2)?
17
Suppose 4*b - 2*v - 37 - 15 = 0, -4*v = -8. What is the remainder when 55 is divided by b?
13
Suppose 35 = g + 5*x, -3*x - 18 + 53 = 2*g. Calculate the remainder when 19 is divided by g.
9
Let l = 58 + -40. Calculate the remainder when 31 is divided by l.
13
Let o be 30/4*(-8)/(-10). Let d(s) = -s**3 + 16*s**2 - s - 10. Let y be d(15). Calculate the remainder when y/o - (-6)/9 is divided by 9.
7
Suppose 4*m - 2*m = 4. Let f = -11 + 9. Let q(t) = -t. What is the remainder when q(f) is divided by m?
0
Let l(m) = 2*m + 3. Let k be l(-2). What is the remainder when (k + -140)*(-1)/3 is divided by 12?
11
Suppose -7 = -j - 4*j - s, -4*s = 3*j + 6. Suppose j*f - 22 = 62. What is the remainder when f is divided by 22?
20
Suppose 2*x = -4 + 8. Let b = -8 + 10. What is the remainder when b is divided by x?
0
Suppose -2*h + 62 = u - 3*u, -5*u + 7 = h. What is the remainder when h is divided by 11?
5
What is the remainder when (-4)/(-1) - -23 - -1 is divided by 8?
4
Let x(z) = -z**3 + z**2 + 2*z + 2. Let r(t) = t**2 - 8*t + 5. Let m be r(7). Calculate the remainder when x(m) is divided by 6.
4
Suppose 0 = 3*k - 24 + 9. Suppose -3*u - 97 = -k*s, 2*s - u = -3*u + 42. What is the remainder when 78 is divided by s?
18
Suppose -a = 4*g - 0*a, -3*a = -5*g. Suppose -2*x + g*x + 92 = 0. Calculate the remainder when x is divided by 16.
14
Suppose -q = 1 - 10. Calculate the remainder when 53 is divided by q.
8
Let x(l) = -l**3 - 8*l**2 + 6*l - 15. What is the remainder when 37 is divided by x(-9)?
1
Let p be 14/4 - (-3)/2. Suppose 50 + 65 = 5*x - p*s, 0 = 3*x - s - 69. Calculate the remainder when x is divided by 12.
11
Suppose -3 = 3*k - 2*k, 2*j = k - 5. Let u(y) = -y**2 - 9*y + 1. Let l = -139 + 201. Calculate the remainder when l is divided by u(j).
20
Let c(t) = 25*t - 3. What is the remainder when c(3) is divided by 15?
12
Let c(b) = 6*b - 3 - 1 + 3 - 3*b. What is the remainder when 58 is divided by c(7)?
18
Suppose 46 = -3*m + 82. Calculate the remainder when m is divided by 4.
0
Suppose -3*c - 13 = -4, 0 = -3*i - 4*c + 45. Suppose -g = 4*s + 4, 5*g + i + 1 = -4*s. What is the remainder when (-1 - 37/g)*4 is divided by 9?
6
Suppose 5*d + 40 = u, d - 9 = -3*u + 31. What is the remainder when 40 is divided by u?
10
Suppose -3*d = -0*d - 60. What is the remainder when d is divided by 7?
6
Let i be (70/(-6))/(4/(-60)). Suppose -2*o - 11 = -p - 68, 0 = 5*o + 4*p - i. Suppose 5*w - o - 14 = 0. What is the remainder when w is divided by 5?
4
Let x = -99 + 59. Let f = 76 + x. What is the remainder when f is divided by 13?
10
Let a = -5 + 35. Calculate the remainder when a is divided by 11.
8
Suppose -2*p = -3*p + 204. Suppose 5*a + p = 634. Calculate the remainder when a is divided by 22.
20
Suppose 3*u - 188 = -29. Let p(d) = 26*d + 1. What is the remainder when u is divided by p(1)?
26
Let f be (35/2)/((-2)/(-4)). Suppose 4*l - f = -l. What is the remainder when 12 is divided by l?
5
Suppose -2*p = -3*m - 49, 0 = 3*p - 2*m - 51 - 10. Let s = p - 8. What is the remainder when 16 is divided by s?
7
Let b(q) = -6*q - 4. Calculate the remainder when 149 is divided by b(-7).
35
Let k = 36 - 9. Let a be (0/2)/(-1 + 3). Let d(o) = o**3 + o + 15. Calculate the remainder when k is divided by d(a).
12
Suppose 0 = -5*n + w + 36, -w + 25 = 4*n + 2*w. Suppose 100 = -2*d - 0*d. Let c = -23 - d. Calculate the remainder when c is divided by n.
6
Suppose -8 = -2*k + 12. Let p be 5 + (-1)/(2/(-2)). What is the remainder when 112/p - 2/3 is divided by k?
8
Suppose 0 = -5*r + 3*c, 0 = -6*r + 4*r + 5*c. Suppose 4*f - 8 = r, 3*m - 5*m + f = 2. Calculate the remainder when -2 - (-1 - m) - -31 is divided by 8.
6
Suppose -3*b - b = -64. Suppose -x + 94 = x. What is the remainder when x is divided by b?
15
Suppose 4*v - 16 + 12 = 0. What is the remainder when 4 is divided by v?
0
Let q = 251 + -202. Calculate the remainder when q is divided by (-3)/9 - 52/(-3).
15
Let z = 56 + -25. Let j be (3*(-2)/2)/(-1). Suppose -4*x + 61 = -j. What is the remainder when z is divided by x?
15
Suppose 2*l - 2*p = -28, -2*l - 66 + 17 = 5*p. What is the remainder when 2 + -1 + l + 48 is divided by 9?
5
Let k(u) = -u + 4. Calculate the remainder when k(-11) is divided by 4.
3
Let j(p) = -p**3 + 12*p**2 - 11*p + 3. Let q be j(11). Suppose -2*n - q*b + 13 + 68 = 0, 118 = 3*n + b. Calculate the remainder when n is divided by 14.
11
Suppose -3*z + 71 = 4*k - 158, 2*z = -2. Calculate the remainder when k is divided by 22.
14
Let u be (-2)/7 - 45/(-35). Let l be -1 + 0 - 1*-1. Suppose -6*h + 5*h + u = l. Calculate the remainder when h is divided by 1.
0
Calculate the remainder when 159 is divided by (-244)/(-6) + 4/(-6).
39
Let i(o) = -o + 1. Let m = 3 - -2. Calculate the remainder when i(-7) is divided by m.
3
Let u(m) = -m + 6. Calculate the remainder when 11 is divided by u(3).
2
Let m = 36 + -13. Calculate the remainder when 67 is divided by m.
21
Let w(v) = v**2 + 5*v - 7. Let t be w(-8). Suppose 0 = 2*g - 29 - t. What is the remainder when g is divided by 8?
7
Suppose 23 = -5*o + 203. Suppose -a - 5*b = 2*a - o, -4*b = -4*a + 16. Suppose -2*d - 2*d + 12 = 0. Calculate the remainder when a is divided by d.
1
Let m(y) = -2*y - 18. What is the remainder when m(-12) is divided by 4?
2
Suppose 0 = 2*m - 0*m - 48. Calculate the remainder when 47 is divided by m.
23
Let p = -33 - -18. Let v = -17 + 48. What is the remainder when v is divided by (-246)/p + 2/(-5)?
15
Let s = 5 - 2. Suppose -3*p + 27 = s. Let o(g) = -g + 10. What is the remainder when 2 is divided by o(p)?
0
Suppose 0 = -d - m + 68, d + 2*d = -5*m + 198. What is the remainder when d is divided by 24?
23
Suppose 2*l - 42 = -10. Let q = 77 + -32. Calculate the remainder when q is divided by l.
13
Let v = 12 + 7. Calculate the remainder when 74 is divided by v.
17
Suppose -6*r + 5*r = -6. Suppose -a - 2*d = -4, d + 7 = 3*a + 2*d. Let f = 17 - a. What is the remainder when f is divided by r?
3
Let u = -124 + 177. What is the remainder when 158 is divided by u?
52
Let y be (2 - 7)*6/(-10). Let i = -78 + 42. Calculate the remainder when ((-1)/3)/(y/i) is divided by 2.
0
Let m = 90 + -71. Calculate the remainder when 74 is divided by m.
17
Suppose 3*k = 87 + 246. Calculate the remainder when k is divided by 28.
27
Suppose 11*x = 13*x - 410. Calculate the remainder when x is divided by 42.
37
Let o = -88 - -174. Calculate the remainder when o is 